{"id":373,"date":"2024-01-25T04:53:49","date_gmt":"2024-01-25T04:53:49","guid":{"rendered":"https:\/\/gpsites.co\/journal\/?page_id=373"},"modified":"2024-07-25T11:39:54","modified_gmt":"2024-07-25T11:39:54","slug":"about","status":"publish","type":"page","link":"https:\/\/frattalimagazine.com\/index.php\/about\/","title":{"rendered":"About"},"content":{"rendered":"<div class=\"gb-container gb-container-97507f28 text-container\">\n\n<p><strong>Chi Siamo<\/strong><\/p>\n\n\n\n<p>Benvenuti su Frattali Magazine, il magazine ufficiale di Frattali Arredamenti. Siamo orgogliosi di rappresentare la catena di showroom pi\u00f9 antica di Roma, attiva dal 1962, e specializzata nell&#8217;arredare le case pi\u00f9 belle d&#8217;Italia e del mondo.<\/p>\n\n\n\n<p>Il nostro magazine \u00e8 nato con l&#8217;intento di raccontare il meglio del design di interni. Qui troverete articoli sui trend pi\u00f9 recenti, gli stili emergenti, le tendenze che stanno plasmando il mondo dell&#8217;arredamento e gli eventi pi\u00f9 importanti del settore. Inoltre, vi presenteremo i grandi personaggi che influenzano e innovano il panorama del design di interni.<\/p>\n\n\n\n<p>Vi invitiamo a esplorare le nostre pagine e a lasciarvi ispirare dalle storie, dalle idee e dalle persone che rendono unico il mondo dell&#8217;arredamento.<\/p>\n\n\n\n<p>Grazie per essere qui.<\/p>\n\n<\/div>","protected":false},"excerpt":{"rendered":"<p>Chi Siamo Benvenuti su Frattali Magazine, il magazine ufficiale di Frattali Arredamenti. Siamo orgogliosi di rappresentare la catena di showroom pi\u00f9 antica di Roma, attiva dal 1962, e specializzata nell&#8217;arredare le case pi\u00f9 belle d&#8217;Italia e del mondo. Il nostro magazine \u00e8 nato con l&#8217;intento di raccontare il meglio del design di interni. Qui troverete &#8230; <a title=\"About\" class=\"read-more\" href=\"https:\/\/frattalimagazine.com\/index.php\/about\/\" aria-label=\"Per saperne di pi\u00f9 su About\">Read more<\/a><\/p>\n","protected":false},"author":1,"featured_media":419,"parent":0,"menu_order":0,"comment_status":"closed","ping_status":"closed","template":"","meta":{"footnotes":""},"class_list":{"0":"post-373","1":"page","2":"type-page","3":"status-publish","4":"has-post-thumbnail","6":"infinite-scroll-item"},"yoast_head":"<!-- This site is optimized with the Yoast SEO plugin v23.1 - https:\/\/yoast.com\/wordpress\/plugins\/seo\/ -->\n<title>About - Frattali Magazine<\/title>\n<meta name=\"robots\" content=\"index, follow, max-snippet:-1, max-image-preview:large, max-video-preview:-1\" \/>\n<link rel=\"canonical\" href=\"https:\/\/frattalimagazine.com\/index.php\/about\/\" \/>\n<meta property=\"og:locale\" content=\"it_IT\" \/>\n<meta property=\"og:type\" content=\"article\" \/>\n<meta property=\"og:title\" content=\"About - Frattali Magazine\" \/>\n<meta property=\"og:description\" content=\"Chi Siamo Benvenuti su Frattali Magazine, il magazine ufficiale di Frattali Arredamenti. Siamo orgogliosi di rappresentare la catena di showroom pi\u00f9 antica di Roma, attiva dal 1962, e specializzata nell&#8217;arredare le case pi\u00f9 belle d&#8217;Italia e del mondo. Il nostro magazine \u00e8 nato con l&#8217;intento di raccontare il meglio del design di interni. Qui troverete ... Read more\" \/>\n<meta property=\"og:url\" content=\"https:\/\/frattalimagazine.com\/index.php\/about\/\" \/>\n<meta property=\"og:site_name\" content=\"Frattali Magazine\" \/>\n<meta property=\"article:modified_time\" content=\"2024-07-25T11:39:54+00:00\" \/>\n<meta property=\"og:image\" content=\"https:\/\/frattalimagazine.com\/wp-content\/uploads\/2024\/06\/frattali_mag_800.png\" \/>\n\t<meta property=\"og:image:width\" content=\"800\" \/>\n\t<meta property=\"og:image:height\" content=\"311\" \/>\n\t<meta property=\"og:image:type\" content=\"image\/png\" \/>\n<meta name=\"twitter:card\" content=\"summary_large_image\" \/>\n<meta name=\"twitter:label1\" content=\"Tempo di lettura stimato\" \/>\n\t<meta name=\"twitter:data1\" content=\"1 minuto\" \/>\n<script type=\"application\/ld+json\" class=\"yoast-schema-graph\">{\"@context\":\"https:\/\/schema.org\",\"@graph\":[{\"@type\":\"WebPage\",\"@id\":\"https:\/\/frattalimagazine.com\/index.php\/about\/\",\"url\":\"https:\/\/frattalimagazine.com\/index.php\/about\/\",\"name\":\"About - Frattali Magazine\",\"isPartOf\":{\"@id\":\"https:\/\/frattalimagazine.com\/#website\"},\"primaryImageOfPage\":{\"@id\":\"https:\/\/frattalimagazine.com\/index.php\/about\/#primaryimage\"},\"image\":{\"@id\":\"https:\/\/frattalimagazine.com\/index.php\/about\/#primaryimage\"},\"thumbnailUrl\":\"https:\/\/frattalimagazine.com\/wp-content\/uploads\/2024\/06\/frattali_mag_800.png\",\"datePublished\":\"2024-01-25T04:53:49+00:00\",\"dateModified\":\"2024-07-25T11:39:54+00:00\",\"breadcrumb\":{\"@id\":\"https:\/\/frattalimagazine.com\/index.php\/about\/#breadcrumb\"},\"inLanguage\":\"it-IT\",\"potentialAction\":[{\"@type\":\"ReadAction\",\"target\":[\"https:\/\/frattalimagazine.com\/index.php\/about\/\"]}]},{\"@type\":\"ImageObject\",\"inLanguage\":\"it-IT\",\"@id\":\"https:\/\/frattalimagazine.com\/index.php\/about\/#primaryimage\",\"url\":\"https:\/\/frattalimagazine.com\/wp-content\/uploads\/2024\/06\/frattali_mag_800.png\",\"contentUrl\":\"https:\/\/frattalimagazine.com\/wp-content\/uploads\/2024\/06\/frattali_mag_800.png\",\"width\":800,\"height\":311},{\"@type\":\"BreadcrumbList\",\"@id\":\"https:\/\/frattalimagazine.com\/index.php\/about\/#breadcrumb\",\"itemListElement\":[{\"@type\":\"ListItem\",\"position\":1,\"name\":\"Home\",\"item\":\"https:\/\/frattalimagazine.com\/\"},{\"@type\":\"ListItem\",\"position\":2,\"name\":\"About\"}]},{\"@type\":\"WebSite\",\"@id\":\"https:\/\/frattalimagazine.com\/#website\",\"url\":\"https:\/\/frattalimagazine.com\/\",\"name\":\"Frattali Magazine\",\"description\":\"La tua fonte di ispirazione per l&#039;interior design\",\"publisher\":{\"@id\":\"https:\/\/frattalimagazine.com\/#organization\"},\"potentialAction\":[{\"@type\":\"SearchAction\",\"target\":{\"@type\":\"EntryPoint\",\"urlTemplate\":\"https:\/\/frattalimagazine.com\/?s={search_term_string}\"},\"query-input\":\"required name=search_term_string\"}],\"inLanguage\":\"it-IT\"},{\"@type\":\"Organization\",\"@id\":\"https:\/\/frattalimagazine.com\/#organization\",\"name\":\"Frattali Magazine\",\"url\":\"https:\/\/frattalimagazine.com\/\",\"logo\":{\"@type\":\"ImageObject\",\"inLanguage\":\"it-IT\",\"@id\":\"https:\/\/frattalimagazine.com\/#\/schema\/logo\/image\/\",\"url\":\"https:\/\/frattalimagazine.com\/wp-content\/uploads\/2024\/06\/frattali_mag_400.png\",\"contentUrl\":\"https:\/\/frattalimagazine.com\/wp-content\/uploads\/2024\/06\/frattali_mag_400.png\",\"width\":400,\"height\":156,\"caption\":\"Frattali Magazine\"},\"image\":{\"@id\":\"https:\/\/frattalimagazine.com\/#\/schema\/logo\/image\/\"}}]}<\/script>\n<!-- \/ Yoast SEO plugin. -->","yoast_head_json":{"title":"About - Frattali Magazine","robots":{"index":"index","follow":"follow","max-snippet":"max-snippet:-1","max-image-preview":"max-image-preview:large","max-video-preview":"max-video-preview:-1"},"canonical":"https:\/\/frattalimagazine.com\/index.php\/about\/","og_locale":"it_IT","og_type":"article","og_title":"About - Frattali Magazine","og_description":"Chi Siamo Benvenuti su Frattali Magazine, il magazine ufficiale di Frattali Arredamenti. Siamo orgogliosi di rappresentare la catena di showroom pi\u00f9 antica di Roma, attiva dal 1962, e specializzata nell&#8217;arredare le case pi\u00f9 belle d&#8217;Italia e del mondo. Il nostro magazine \u00e8 nato con l&#8217;intento di raccontare il meglio del design di interni. Qui troverete ... Read more","og_url":"https:\/\/frattalimagazine.com\/index.php\/about\/","og_site_name":"Frattali Magazine","article_modified_time":"2024-07-25T11:39:54+00:00","og_image":[{"width":800,"height":311,"url":"https:\/\/frattalimagazine.com\/wp-content\/uploads\/2024\/06\/frattali_mag_800.png","type":"image\/png"}],"twitter_card":"summary_large_image","twitter_misc":{"Tempo di lettura stimato":"1 minuto"},"schema":{"@context":"https:\/\/schema.org","@graph":[{"@type":"WebPage","@id":"https:\/\/frattalimagazine.com\/index.php\/about\/","url":"https:\/\/frattalimagazine.com\/index.php\/about\/","name":"About - Frattali Magazine","isPartOf":{"@id":"https:\/\/frattalimagazine.com\/#website"},"primaryImageOfPage":{"@id":"https:\/\/frattalimagazine.com\/index.php\/about\/#primaryimage"},"image":{"@id":"https:\/\/frattalimagazine.com\/index.php\/about\/#primaryimage"},"thumbnailUrl":"https:\/\/frattalimagazine.com\/wp-content\/uploads\/2024\/06\/frattali_mag_800.png","datePublished":"2024-01-25T04:53:49+00:00","dateModified":"2024-07-25T11:39:54+00:00","breadcrumb":{"@id":"https:\/\/frattalimagazine.com\/index.php\/about\/#breadcrumb"},"inLanguage":"it-IT","potentialAction":[{"@type":"ReadAction","target":["https:\/\/frattalimagazine.com\/index.php\/about\/"]}]},{"@type":"ImageObject","inLanguage":"it-IT","@id":"https:\/\/frattalimagazine.com\/index.php\/about\/#primaryimage","url":"https:\/\/frattalimagazine.com\/wp-content\/uploads\/2024\/06\/frattali_mag_800.png","contentUrl":"https:\/\/frattalimagazine.com\/wp-content\/uploads\/2024\/06\/frattali_mag_800.png","width":800,"height":311},{"@type":"BreadcrumbList","@id":"https:\/\/frattalimagazine.com\/index.php\/about\/#breadcrumb","itemListElement":[{"@type":"ListItem","position":1,"name":"Home","item":"https:\/\/frattalimagazine.com\/"},{"@type":"ListItem","position":2,"name":"About"}]},{"@type":"WebSite","@id":"https:\/\/frattalimagazine.com\/#website","url":"https:\/\/frattalimagazine.com\/","name":"Frattali Magazine","description":"La tua fonte di ispirazione per l&#039;interior design","publisher":{"@id":"https:\/\/frattalimagazine.com\/#organization"},"potentialAction":[{"@type":"SearchAction","target":{"@type":"EntryPoint","urlTemplate":"https:\/\/frattalimagazine.com\/?s={search_term_string}"},"query-input":"required name=search_term_string"}],"inLanguage":"it-IT"},{"@type":"Organization","@id":"https:\/\/frattalimagazine.com\/#organization","name":"Frattali Magazine","url":"https:\/\/frattalimagazine.com\/","logo":{"@type":"ImageObject","inLanguage":"it-IT","@id":"https:\/\/frattalimagazine.com\/#\/schema\/logo\/image\/","url":"https:\/\/frattalimagazine.com\/wp-content\/uploads\/2024\/06\/frattali_mag_400.png","contentUrl":"https:\/\/frattalimagazine.com\/wp-content\/uploads\/2024\/06\/frattali_mag_400.png","width":400,"height":156,"caption":"Frattali Magazine"},"image":{"@id":"https:\/\/frattalimagazine.com\/#\/schema\/logo\/image\/"}}]}},"_links":{"self":[{"href":"https:\/\/frattalimagazine.com\/index.php\/wp-json\/wp\/v2\/pages\/373","targetHints":{"allow":["GET"]}}],"collection":[{"href":"https:\/\/frattalimagazine.com\/index.php\/wp-json\/wp\/v2\/pages"}],"about":[{"href":"https:\/\/frattalimagazine.com\/index.php\/wp-json\/wp\/v2\/types\/page"}],"author":[{"embeddable":true,"href":"https:\/\/frattalimagazine.com\/index.php\/wp-json\/wp\/v2\/users\/1"}],"replies":[{"embeddable":true,"href":"https:\/\/frattalimagazine.com\/index.php\/wp-json\/wp\/v2\/comments?post=373"}],"version-history":[{"count":1,"href":"https:\/\/frattalimagazine.com\/index.php\/wp-json\/wp\/v2\/pages\/373\/revisions"}],"predecessor-version":[{"id":462,"href":"https:\/\/frattalimagazine.com\/index.php\/wp-json\/wp\/v2\/pages\/373\/revisions\/462"}],"wp:featuredmedia":[{"embeddable":true,"href":"https:\/\/frattalimagazine.com\/index.php\/wp-json\/wp\/v2\/media\/419"}],"wp:attachment":[{"href":"https:\/\/frattalimagazine.com\/index.php\/wp-json\/wp\/v2\/media?parent=373"}],"curies":[{"name":"wp","href":"https:\/\/api.w.org\/{rel}","templated":true}]}}